mainder when 13556 is divided by 6076?
1404
Calculate the remainder when 66324 is divided by 65158.
1166
Calculate the remainder when 2317682 is divided by 83.
73
What is the remainder when 90216 is divided by 88936?
1280
What is the remainder when 16229493 is divided by 13?
7
What is the remainder when 6074816 is divided by 1012466?
20
What is the remainder when 529783 is divided by 5823?
5713
Calculate the remainder when 202649 is divided by 28.
13
Calculate the remainder when 5470482 is divided by 14.
10
Calculate the remainder when 6536396 is divided by 499.
494
Calculate the remainder when 4680 is divided by 2411.
2269
Calculate the remainder when 28270334 is divided by 13940.
14
Calculate the remainder when 223250720 is divided by 223250710.
10
Calculate the remainder when 24950035 is divided by 763.
698
Calculate the remainder when 472421 is divided by 3759.
2546
What is the remainder when 105187888 is divided by 573?
559
Calculate the remainder when 30798060 is divided by 513301.
0
Calculate the remainder when 1609486 is divided by 402370.
6
Calculate the remainder when 913899 is divided by 100.
99
What is the remainder when 80305525 is divided by 53?
31
Calculate the remainder when 49376 is divided by 2732.
200
Calculate the remainder when 480984 is divided by 119827.
1676
Calculate the remainder when 928255 is divided by 786.
775
What is the remainder when 14973956 is divided by 9?
8
What is the remainder when 911222 is divided by 176?
70
Calculate the remainder when 4246802 is divided by 4246759.
43
What is the remainder when 18062483 is divided by 709?
708
Calculate the remainder when 4429654 is divided by 423.
421
Calculate the remainder when 4349262 is divided by 1491.
15
What is the remainder when 1028377 is divided by 1078?
1043
What is the remainder when 234235 is divided by 13378?
6809
What is the remainder when 43004 is divided by 318?
74
Calculate the remainder when 123269 is divided by 41080.
29
What is the remainder when 803332 is divided by 221?
218
What is the remainder when 10376926 is divided by 49889?
14
Calculate the remainder when 31613 is divided by 97.
88
Calculate the remainder when 660062 is divided by 127.
43
Calculate the remainder when 12013 is divided by 2027.
1878
What is the remainder when 3488326119 is divided by 53?
50
What is the remainder when 75141 is divided by 3453?
2628
What is the remainder when 248052 is divided by 440?
332
What is the remainder when 7933256 is divided by 3?
2
Calculate the remainder when 587293 is divided by 292183.
2927
Calculate the remainder when 5784372 is divided by 3085.
3082
Calculate the remainder when 4890423 is divided by 20.
3
What is the remainder when 237703036 is divided by 620?
616
Calculate the remainder when 6979 is divided by 2540.
1899
What is the remainder when 16123122 is divided by 2644?
10
What is the remainder when 6488962 is divided by 1312?
1122
What is the remainder when 5375663 is divided by 23?
11
Calculate the remainder when 980112 is divided by 108897.
39
Calculate the remainder when 13483 is divided by 1231.
1173
What is the remainder when 3731984 is divided by 30341?
41
What is the remainder when 78056006 is divided by 852?
26
Calculate the remainder when 23057 is divided by 1710.
827
What is the remainder when 115950 is divided by 23053?
685
What is the remainder when 23712805 is divided by 914?
903
Calculate the remainder when 3273429 is divided by 9169.
96
What is the remainder when 4727796 is divided by 3953?
8
What is the remainder when 27053 is divided by 6677?
345
What is the remainder when 33743158 is divided by 198?
196
Calculate the remainder when 1205303 is divided by 301324.
7
What is the remainder when 836375 is divided by 167270?
25
What is the remainder when 1865131 is divided by 196?
191
Calculate the remainder when 11013083 is divided by 314659.
18
What is the remainder when 4429885 is divided by 1107455?
65
What is the remainder when 244857 is divided by 1881?
327
Calculate the remainder when 43582917 is divided by 5370.
5367
What is the remainder when 9363233 is divided by 1772?
1757
Calculate the remainder when 846128 is divided by 9653.
6317
What is the remainder when 949771 is divided by 192?
139
What is the remainder when 7470462 is divided by 5195?
52
What is the remainder when 140203803 is divided by 946?
927
Calculate the remainder when 6096 is divided by 630.
426
What is the remainder when 74972517 is divided by 135?
132
What is the remainder when 15185 is divided by 1595?
830
What is the remainder when 1768612 is divided by 164?
36
What is the remainder when 2799602 is divided by 1286?
1266
What is the remainder when 47410481 is divided by 68?
65
Calculate the remainder when 123927624 is divided by 831729.
3
Calculate the remainder when 3432529 is divided by 312035.
144
What is the remainder when 1319596 is divided by 6167?
6025
What is the remainder when 273020 is divided by 54589?
75
Calculate the remainder when 1925901 is divided by 641828.
417
What is the remainder when 29619 is divided by 263?
163
Calculate the remainder when 73345 is divided by 322.
251
What is the remainder when 399289 is divided by 70?
9
Calculate the remainder when 627576 is divided by 287.
194
Calculate the remainder when 48666 is divided by 1441.
1113
What is the remainder when 2676465 is divided by 8551?
2
What is the remainder when 1675209 is divided by 22042?
17
What is the remainder when 360253 is divided by 180065?
123
Calculate the remainder when 2355227 is divided by 40.
27
Calculate the remainder when 79460 is divided by 2089.
78
What is the remainder when 384509 is divided by 1118?
1035
Calculate the remainder when 7392388 is divided by 23.
4
What is the remainder when 6717681 is divided by 3598?
215
What is the remainder when 214290712 is divided by 118?
116
Calculate the remainder when 91838 is divided by 15.
8
What is the remainder when 63437 is divided by 3520?
77
What is the remainder when 64952967 is divided by 4996381?
14
Calculate the remainder when 1648400 is divided by 549452.
44
Calculate the remainder when 927986 is divided by 66.
26
What is the remainder when 159949 is divided by 158267?
1682
What is the remainder when 3308125 is divided by 639?
22
Calculate the remainder when 143613446 is divided by 529.
526
What is the remainder when 9721991 is divided by 178?
165
Calculate the remainder when 14064033 is divided by 6419.
4
What is the remainder when 1894342 is divided by 947148?
46
What is the remainder when 785463431 is divided by 188?
183
Calculate the remainder when 974145 is divided by 64941.
30
What is the remainder when 55973003 is divided by 59?
57
What is the remainder when 960066 is divided by 240016?
2
Calculate the remainder when 181122257 is divided by 157.
149
What is the remainder when 3117658 is divided by 1039218?
4
Calculate the remainder when 3037751 is divided by 3940.
11
What is the remainder when 382306 is divided by 190893?
520
What is the remainder when 521707 is divided by 59?
29
Calculate the remainder when 58778 is divided by 291.
287
Calculate the remainder when 2093349 is divided by 382.
371
What is the remainder when 50193 is divided by 497?
493
What is the remainder when 38840 is divided by 11464?
4448
Calculate the remainder when 255014 is divided by 716.
118
What is the remainder when 7785644 is divided by 348?
188
What is the remainder when 1097390 is divided by 548587?
216
What is the remainder when 1292610 is divided by 215377?
348
Calculate the remainder when 908930 is divided by 130.
100
Calculate the remainder when 19449 is divided by 4615.
989
What is the remainder when 1536149 is divided by 139648?
21
What is the remainder when 2481166 is divided by 1240580?
6
What is the remainder when 967371 is divided by 967058?
313
What is the remainder when 456726014 is divided by 5383?
5379
What is the remainder when 1017175 is divided by 61?
0
Calculate the remainder when 19732857 is divided by 98.
67
What is the remainder when 13006806 is divided by 172?
166
Calculate the remainder when 450437 is divided by 11233.
1117
Calculate the remainder when 590912 is divided by 586489.
4423
Calculate the remainder when 172709 is divided by 763.
271
What is the remainder when 4446642 is divid